= r - 60. Suppose -6*d + 756 = r*d. What is the greatest common divisor of 45 and d?
9
Let q = -26 + 28. Let o be (-84)/(-1)*1/q. Suppose 3*l - 2*h = 118, -3*h = 3*l - 51 - o. Calculate the greatest common divisor of l and 24.
12
Let y be (24/(-30))/((-2)/60). Let n = -21 + y. Let b be n + -2 + -1 - -10. Calculate the highest common factor of b and 40.
10
Let t(u) = 2*u**2 + 184*u + 90. Let n be t(-92). Let p = 127 - 91. What is the highest common divisor of p and n?
18
Suppose -3 = 4*t - 23, -4*t + 70 = b. What is the highest common divisor of b and 1600?
50
Suppose 2*c + 95 = -2*f - 31, -f - 83 = -4*c. Let w = 109 + f. Let a be 786/w - (-2)/7. What is the greatest common divisor of a and 133?
19
Let o(m) be the second derivative of m**3/3 + 39*m**2/2 - 5*m. Let k be o(-19). Calculate the highest common divisor of k and 8.
1
Let y(g) = 2*g**2 - 31*g + 39. Let i be y(17). Calculate the highest common factor of 18 and i.
18
Let x be (174/(-4))/((-6)/(-384)*-4). Calculate the greatest common divisor of x and 29.
29
Let w = 40 - 8. Let o(y) = y**3 - 6*y**2 - 9*y - 154. Let n be o(9). Calculate the highest common factor of n and w.
8
Suppose -4*p = -16, 4*p + 52 = 5*b - 2. Let g = b + 0. What is the highest common divisor of 2 and g?
2
Let i be (40/(-6))/((-16)/((-288)/(-6))). What is the highest common divisor of i and 16?
4
Suppose 5*g - 1 = -3*x, 5*x - 4*g - 29 = 22. Let o be 11*(x + (-3 - -5)/(-1)). Let y = -3 + 8. What is the highest common divisor of o and y?
5
Let c = -23 - -65. Let o(g) = -3*g - 26. Let n be o(-18). What is the highest common divisor of c and n?
14
Suppose 3*s - 65 = 6*k - k, 97 = 5*s + 3*k. Calculate the greatest common divisor of 25 and s.
5
Suppose 188 + 254 = -2*n - 5*g, -5*n - 5*g - 1090 = 0. Let x = -136 - n. What is the highest common divisor of 120 and x?
40
Let j(a) = a**2 - 14*a + 13. Let s be (-3)/(11/(-5) - -2). Let p be j(s). Suppose 0 = c - 3*c + p. Calculate the greatest common factor of c and 35.
7
Let l(n) = -n**2 - n. Let w(u) = -3*u**2 - 14*u + 13. Let v(t) = 4*l(t) - w(t). Let p be v(6). Calculate the highest common divisor of p and 11.
11
Suppose -10*t + 18*t = 680. Calculate the greatest common divisor of t and 221.
17
Let k = -56 - -101. Suppose -16*b - 330 = -27*b. What is the highest common divisor of b and k?
15
Suppose 15*c - 12 = 3. Calculate the highest common factor of 23 and c.
1
Suppose -4*t = -3*t + 5, -4*q - 4*t = 24. Let b be q*(-15 - 0/3). Calculate the highest common factor of b and 135.
15
Let f = 65 - -11. Suppose -57 = d - 4*d. Calculate the highest common divisor of f and d.
19
Let t(h) = -h - 1. Let k be t(-4). Let l be (-9)/(k + 0) - -14. Calculate the greatest common factor of 99 and l.
11
Let j(o) = o**3 - 9*o**2 + o - 2. Let b be j(9). Let q = 2 + 33. Calculate the greatest common divisor of b and q.
7
Suppose 16*l = 26*l - 120. Calculate the greatest common factor of l and 228.
12
Let j = -27 + 32. Suppose -16 = -b - 5*n, -b - 3 = -3*n + j. Suppose 5*v - 4 - b = 0. What is the greatest common divisor of v and 6?
1
Let f be 3 + 1 - (0 + 0). Let d(y) = -13 - 3*y + f*y + 33. Let i be d(0). What is the greatest common factor of i and 4?
4
Let k = 12 + -4. Let o be (-2)/k - (-90)/8. Let r = o + -6. What is the greatest common factor of 2 and r?
1
Let n(u) = -u**3 + 19*u**2 + 41*u - 27. Let s be n(21). Let i = 59 + s. Calculate the greatest common factor of 44 and i.
11
Suppose -12*k + 5 = -11*k. Suppose -i + 3*p = -43, 4*i - 7*i - k*p + 157 = 0. Calculate the highest common factor of 147 and i.
49
Let c be 1/((-730)/(-80) + -9). What is the greatest common divisor of 232 and c?
8
Let p = 53 - 32. Suppose 3*s - p = -4*d, s + 6 = -3*d + 18. Suppose 25 = s*l + 2*r, l + r + 6 = 13. What is the highest common divisor of l and 33?
11
Suppose 108 = -5*o + 248. Calculate the highest common divisor of 210 and o.
14
Let u be 86 + (16/4 - 3). Suppose -5*b + p + u = 0, 0 = -2*b + p + 14 + 19. Suppose 0 = -n - b + 81. Calculate the highest common divisor of 9 and n.
9
Suppose -11*k + 424 = -15*k. Let w be k/(-22) + (-12)/(-66). Let b = 82 - 77. Calculate the greatest common divisor of w and b.
5
Let n be (30/25)/(1/75). Let j = 1 + 2. Suppose -3*c + 27 = f, -36 = -j*c + 4*f - 9. Calculate the highest common factor of c and n.
9
Let y = -89 + 485. Calculate the highest common divisor of y and 36.
36
Suppose -4*r = -r - 3*v - 177, -5*v = -r + 43. Calculate the highest common divisor of 9 and r.
9
Suppose 2097*p = 2112*p - 900. Calculate the highest common factor of 210 and p.
30
Suppose 0 = -9*b + 8*b. Suppose 5*u - 5*c - 70 = -b*c, -5*u + 62 = -c. Let a = -175 + 259. Calculate the greatest common factor of a and u.
12
Let g be (4 + -2 - 3)*0. Let k be (g - -4) + 12/3. What is the greatest common divisor of k and 8?
8
Suppose -1 = c - 16. Let f = 4327 - 4162. What is the highest common factor of c and f?
15
Let g be (-13 - -8)*22/(8/(-4)). Calculate the greatest common divisor of 385 and g.
55
Suppose 0*y = y. Suppose y = 5*s - 7*s + 30. Calculate the greatest common divisor of 15 and s.
15
Suppose 4*w - 5*v - 752 = -3*v, 5*w = 5*v + 945. Calculate the greatest common factor of w and 17.
17
Let v be (6 - 7)*(-3 + 60)/(-3). Suppose 219 + 9 = 6*m. What is the highest common factor of m and v?
19
Let x be 50/(-225) + (-38)/(-9). Suppose 0 = 3*m - 3, 3*w - 3*m - 11 = 34. What is the greatest common factor of w and x?
4
Let k be 1 - 4*(-2)/1. Suppose -4*t = -k*t. Suppose -6*d + d + 150 = t. What is the greatest common factor of d and 5?
5
Suppose -a + 126 = 8*a. What is the greatest common divisor of 1162 and a?
14
Suppose 176*l - 164*l = 408. Calculate the greatest common divisor of 51 and l.
17
Suppose 0 = q, 4*q - 13 = -3*f - 1. Let i = 11 - f. Suppose -i*g = -2*g - 270. Calculate the highest common factor of 6 and g.
6
Let w(g) = 2*g + 5*g**3 - 5*g**3 - 5 - g**3 + 5*g**2. Let c be w(5). What is the highest common factor of c and 5?
5
Let z = 50 - 79. Let t be 1/6 - z/6. Suppose -y = -5*l - 4*y + 249, 243 = t*l + y. Calculate the highest common factor of l and 32.
16
Suppose -7*v = -22*v + 465. Calculate the highest common divisor of v and 1581.
31
Suppose a - 3 = -3*s, 0*a + s = 3*a + 1. Suppose 2*b + 4 = -a. Let k be ((-9)/b)/((-2)/(-24)). What is the highest common divisor of 6 and k?
6
Let j be (-52)/12 + ((-8)/12)/(-2). Let u be 4/(5 + -3) - 96/j. What is the greatest common divisor of u and 13?
13
Suppose 2*p + 24 = 6*p. Suppose -180 = -11*i + p*i. Calculate the greatest common factor of 288 and i.
36
Let h = 58 - 40. Suppose -485 - 217 = -3*l. Calculate the greatest common divisor of h and l.
18
Suppose 4*l = -2*l - 114. Let w = l - -34. Calculate the highest common factor of 30 and w.
15
Let z be (5/3)/((-69)/(-18) - 3). Suppose -b + 9 = h, z*b - 8*h + 13*h - 12 = 0. Calculate the highest common divisor of 11 and b.
11
Let q be (9/6)/((-3)/90*-5). Calculate the highest common factor of q and 252.
9
Let o = 6 + 29. Suppose -15 = -3*n + 6. What is the greatest common factor of n and o?
7
Let y = 84 - 0. What is the highest common divisor of y and 108?
12
Suppose -5*s = 13 - 8, -5*z + 39 = s. Suppose z*q = 4*h + 9*q - 231, 0 = h - 4*q - 45. What is the highest common divisor of 19 and h?
19
Suppose -52*x + 47*x + 280 = 0. Let o be 4/(-10) - 216/(-15). What is the highest common factor of x and o?
14
Let y = -6 - -11. Suppose -8 = y*o - 48. Calculate the highest common divisor of 16 and o.
8
Let w(m) = m - 1. Suppose 6*q - 5*q - 6 = 0. Suppose 2*j - q = -2. Let f be w(j). What is the greatest common factor of f and 4?
1
Suppose -s - s - 112 = 0. Let t be (-3)/(3 - (-170)/s). Let w(h) = h**2 - 3*h - 6. Let k be w(6). What is the highest common divisor of k and t?
12
Let j = 6185 - 6134. Let i = 21 + 13. Calculate the highest common divisor of i and j.
17
Let p(c) = c**2 + 3*c - 2. Let u be p(2). Let r be (-2 - -36) + (-18 - -16). What is the greatest common factor of r and u?
8
Let c be -6 - (-184 - (-24)/3). What is the greatest common divisor of 238 and c?
34
Suppose 10 = -3*a + v, -v = -2*a + 6*a + 4. Let t be (52/6 + a)*105/2. What is the greatest common factor of t and 35?
35
Let h be 4/12*3*234. Let b = 14 + 12. Calculate the greatest common divisor of h and b.
26
Let x be (10/(-6))/(